{"id":2744,"date":"2024-01-07T13:18:27","date_gmt":"2024-01-07T13:18:27","guid":{"rendered":"https:\/\/validthemes.net\/themeforest\/wp\/restan\/?page_id=156"},"modified":"2026-03-29T10:18:33","modified_gmt":"2026-03-29T10:18:33","slug":"home-five","status":"publish","type":"page","link":"http:\/\/www.gozdemersintantuni.com\/","title":{"rendered":"Ana Sayfa"},"content":{"rendered":"<style>.elementor-2744 .elementor-element.elementor-element-6b80fcb{--display:flex;--gap:0px 0px;--row-gap:0px;--column-gap:0px;--padding-top:0px;--padding-bottom:0px;--padding-left:0px;--padding-right:0px;}.elementor-2744 .elementor-element.elementor-element-3658a9b .banner-style-two h4::after{background-image:url(http:\/\/www.gozdemersintantuni.com\/wp-content\/uploads\/2024\/05\/Subtittle-shape-1.png);}.elementor-2744 .elementor-element.elementor-element-3658a9b .banner-style-two h4::before{background-image:url(http:\/\/www.gozdemersintantuni.com\/wp-content\/uploads\/2024\/04\/18.png);}.elementor-2744 .elementor-element.elementor-element-ad2ad06{--display:flex;--flex-direction:column;--container-widget-width:100%;--container-widget-height:initial;--container-widget-flex-grow:0;--container-widget-align-self:initial;--flex-wrap-mobile:wrap;--gap:0px 0px;--row-gap:0px;--column-gap:0px;--padding-top:0px;--padding-bottom:0px;--padding-left:0px;--padding-right:0px;}.elementor-2744 .elementor-element.elementor-element-1fd121f .sub-title::before{background-image:url(http:\/\/www.gozdemersintantuni.com\/wp-content\/uploads\/2024\/05\/18-2.png);}.elementor-2744 .elementor-element.elementor-element-ba06525{--display:flex;--flex-direction:column;--container-widget-width:100%;--container-widget-height:initial;--container-widget-flex-grow:0;--container-widget-align-self:initial;--flex-wrap-mobile:wrap;--gap:0px 0px;--row-gap:0px;--column-gap:0px;--padding-top:0px;--padding-bottom:0px;--padding-left:0px;--padding-right:0px;}.elementor-2744 .elementor-element.elementor-element-8bb7f42 .sub-title::before{background-image:url(http:\/\/www.gozdemersintantuni.com\/wp-content\/uploads\/2024\/05\/18-2.png);}.elementor-2744 .elementor-element.elementor-element-8bb7f42 .sub-title::after{background-image:url(http:\/\/www.gozdemersintantuni.com\/wp-content\/uploads\/2024\/05\/17-2.png);}<\/style>\t\t<div data-elementor-type=\"wp-page\" data-elementor-id=\"2744\" class=\"elementor elementor-2744\">\n\t\t\t\t<div class=\"elementor-element elementor-element-6b80fcb e-con-full e-flex e-con e-parent\" data-id=\"6b80fcb\" data-element_type=\"container\" data-e-type=\"container\">\n\t\t\t\t<div class=\"elementor-element elementor-element-3658a9b elementor-widget elementor-widget-restan_slider\" data-id=\"3658a9b\" data-element_type=\"widget\" data-e-type=\"widget\" data-widget_type=\"restan_slider.default\">\n\t\t\t\t<div class=\"elementor-widget-container\">\n\t\t\t\t\t\r\n\t\t<!-- Start Banner Area Style Two\r\n\t\t\t============================================= -->\r\n\t\t\t<div class=\"banner-area banner-style-two navigation-circle text-center zoom-effect text-light\">\r\n\r\n\t\t\t\t<!-- Slider main container -->\r\n\t\t\t\t<div class=\"banner-fade\">\r\n\t\t\t\t\t<!-- Additional required wrapper -->\r\n\t\t\t\t\t<div class=\"swiper-wrapper\">\r\n\t\t\t\t\t\t\t\t\t\t\t\t\t<!-- Single Item -->\r\n\t\t\t\t\t\t\t<div class=\"swiper-slide\">\r\n\t\t\t\t\t\t\t\t<div class=\"banner-thumb bg-cover shadow dark\" style=\"background: url(http:\/\/www.gozdemersintantuni.com\/wp-content\/uploads\/2026\/03\/TLG00040.webp);\"><\/div>\r\n\t\t\t\t\t\t\t\t<div class=\"container\">\r\n\t\t\t\t\t\t\t\t\t<div class=\"content\">\r\n\r\n\t\t\t\t\t\t\t\t\t\t<div class=\"row align-center\">\r\n\t\t\t\t\t\t\t\t\t\t\t<div class=\"col-lg-10 offset-lg-1\">\r\n\t\t\t\t\t\t\t\t\t\t\t\t<div class=\"info\">\r\n\t\t\t\t\t\t\t\t\t\t\t\t\t<h4>D\u0131\u015f\u0131 \u00c7\u0131t\u0131r, \u0130\u00e7i Sulu<\/h4>\r\n\t\t\t\t\t\t\t\t\t\t\t\t\t<h2>\u00c7\u0131t\u0131r Tavuk \ud83c\udf57<\/h2>\r\n\t\t\t\t\t\t\t\t\t\t\t\t\t<p>\r\n\t\t\t\t\t\t\t\t\t\t\t\t\t\tHer \u0131s\u0131r\u0131kta sesini duyaca\u011f\u0131n \u00e7\u0131t\u0131r tavuk burger deneyimi burada.\t\t\t\t\t\t\t\t\t\t\t\t\t<\/p>\r\n\t\t\t\t\t\t\t\t\t\t\t\t\t\t\t\t\t\t\t\t\t\t\t\t\t\t\t<div class=\"button mt-30\">\r\n\t\t\t\t\t\t\t\t\t\t\t\t\t\t\t<a class=\"btn btn-md btn-theme animation\" href=\"http:\/\/www.gozdemersintantuni.com\/index.php\/menu\/\">Men\u00fc<\/a>\r\n\t\t\t\t\t\t\t\t\t\t\t\t\t\t<\/div>\r\n\t\t\t\t\t\t\t\t\t\t\t\t\t\t\t\t\t\t\t\t\t\t\t\t\t<\/div>\r\n\t\t\t\t\t\t\t\t\t\t\t<\/div>\r\n\r\n\t\t\t\t\t\t\t\t\t\t<\/div>\r\n\t\t\t\t\t\t\t\t\t<\/div>\r\n\t\t\t\t\t\t\t\t<\/div>\r\n\t\t\t\t\t\t\t\t<div class=\"banner-shap\">\r\n\t\t\t\t\t\t\t\t\t\t\t\t\t\t\t\t\t\t\t\t\t\t\t\t\t\t\t\t\t\t\t\t\t\t\t\t\t\t\t\t\t\t\t\t\t\t\t\t\t\t\t\t\t\t\t\t\t\t\t\t\t\t\t\t\t\t\t\t\t\t<\/div>\r\n\t\t\t\t\t\t\t<\/div>\r\n\t\t\t\t\t\t\t<!-- End Single Item -->\r\n\t\t\t\t\t\t\t\t\t\t\t\t\t<!-- Single Item -->\r\n\t\t\t\t\t\t\t<div class=\"swiper-slide\">\r\n\t\t\t\t\t\t\t\t<div class=\"banner-thumb bg-cover shadow dark\" style=\"background: url(http:\/\/www.gozdemersintantuni.com\/wp-content\/uploads\/2026\/03\/TLG00262.webp);\"><\/div>\r\n\t\t\t\t\t\t\t\t<div class=\"container\">\r\n\t\t\t\t\t\t\t\t\t<div class=\"content\">\r\n\r\n\t\t\t\t\t\t\t\t\t\t<div class=\"row align-center\">\r\n\t\t\t\t\t\t\t\t\t\t\t<div class=\"col-lg-10 offset-lg-1\">\r\n\t\t\t\t\t\t\t\t\t\t\t\t<div class=\"info\">\r\n\t\t\t\t\t\t\t\t\t\t\t\t\t<h4>By Batso Burger'e Ho\u015fgeldiniz<\/h4>\r\n\t\t\t\t\t\t\t\t\t\t\t\t\t<h2>El Yap\u0131m\u0131 Patates \ud83c\udf5f<\/h2>\r\n\t\t\t\t\t\t\t\t\t\t\t\t\t<p>\r\n\t\t\t\t\t\t\t\t\t\t\t\t\t\tG\u00fcnl\u00fck haz\u0131rlanan el yap\u0131m\u0131 patateslerle lezzetin en do\u011fal hali.\t\t\t\t\t\t\t\t\t\t\t\t\t<\/p>\r\n\t\t\t\t\t\t\t\t\t\t\t\t\t\t\t\t\t\t\t\t\t\t\t\t\t\t\t<div class=\"button mt-30\">\r\n\t\t\t\t\t\t\t\t\t\t\t\t\t\t\t<a class=\"btn btn-md btn-theme animation\" href=\"http:\/\/www.gozdemersintantuni.com\/index.php\/menu\/\">Men\u00fc<\/a>\r\n\t\t\t\t\t\t\t\t\t\t\t\t\t\t<\/div>\r\n\t\t\t\t\t\t\t\t\t\t\t\t\t\t\t\t\t\t\t\t\t\t\t\t\t<\/div>\r\n\t\t\t\t\t\t\t\t\t\t\t<\/div>\r\n\r\n\t\t\t\t\t\t\t\t\t\t<\/div>\r\n\t\t\t\t\t\t\t\t\t<\/div>\r\n\t\t\t\t\t\t\t\t<\/div>\r\n\t\t\t\t\t\t\t\t<div class=\"banner-shap\">\r\n\t\t\t\t\t\t\t\t\t\t\t\t\t\t\t\t\t\t\t\t\t\t\t\t\t\t\t\t\t\t\t\t\t\t\t\t\t\t\t\t\t\t\t\t\t\t\t\t\t\t\t\t\t\t\t\t\t\t\t\t\t\t\t\t\t\t\t\t\t\t<\/div>\r\n\t\t\t\t\t\t\t<\/div>\r\n\t\t\t\t\t\t\t<!-- End Single Item -->\r\n\t\t\t\t\t\t\t\t\t\t\t<\/div>\r\n\t\t\t\t\t\t\t\t\t\t\t<!-- Navigation -->\r\n\t\t\t\t\t\t<div class=\"swiper-nav-left\">\r\n\t\t\t\t\t\t\t<div class=\"swiper-button-prev\"><\/div>\r\n\t\t\t\t\t\t\t<div class=\"swiper-button-next\"><\/div>\r\n\t\t\t\t\t\t<\/div>\r\n\t\t\t\t\t\t\t\t\t<\/div>\r\n\r\n\t\t\t<\/div>\r\n\t\t\t<!-- End Banner Style Two-->\r\n\r\n\t\t\t\t\t\t\t<\/div>\n\t\t\t\t<\/div>\n\t\t\t\t<\/div>\n\t\t<div class=\"elementor-element elementor-element-ad2ad06 e-con-full e-flex e-con e-parent\" data-id=\"ad2ad06\" data-element_type=\"container\" data-e-type=\"container\">\n\t\t\t\t<div class=\"elementor-element elementor-element-1fd121f elementor-widget elementor-widget-restan_about\" data-id=\"1fd121f\" data-element_type=\"widget\" data-e-type=\"widget\" data-widget_type=\"restan_about.default\">\n\t\t\t\t<div class=\"elementor-widget-container\">\n\t\t\t\t\t\r\n\t<!-- End  About Style Two -->\r\n    <div class=\"about-style-two-area default-padding-bottom\">\r\n\r\n        <div class=\"shape-overlay\">\r\n           <img decoding=\"async\" src=\"https:\/\/wp.validthemes.net\/restan\/wp-content\/uploads\/2024\/01\/2-2.png\" alt=\"\"  \/>        <\/div>\r\n\r\n        <div class=\"container\">\r\n            <div class=\"row align-center\">\r\n\r\n                <div class=\"col-lg-6 order-lg-last\">\r\n                    <div class=\"about-style-thumb-box\">\r\n                        <div class=\"about-style-two-thumb\">\r\n                            <img decoding=\"async\" src=\"http:\/\/www.gozdemersintantuni.com\/wp-content\/uploads\/2026\/03\/TLG00106.webp\" alt=\"\"  \/>                        <\/div>\r\n                        <img decoding=\"async\" src=\"https:\/\/wp.validthemes.net\/restan\/wp-content\/uploads\/2024\/01\/7-1.png\" alt=\"\"  \/>                        <div class=\"experience\">\r\n                            <div class=\"curve-text\">\r\n                                <svg xmlns=\"http:\/\/www.w3.org\/2000\/svg\" viewBox=\"0 0 150 150\" version=\"1.1\">\r\n                                    <path id=\"textPath\" d=\"M 0,75 a 75,75 0 1,1 0,1 z\"><\/path>\r\n                                    <text><textPath href=\"#textPath\">By Batso Burger<\/textPath><\/text>\r\n                                <\/svg>\r\n                                <div class=\"thumb\">\r\n                                   <img decoding=\"async\" src=\"https:\/\/wp.validthemes.net\/restan\/wp-content\/uploads\/2024\/01\/8.png\" alt=\"\"  \/>                                <\/div>\r\n                            <\/div>\r\n                        <\/div>\r\n                    <\/div>\r\n                <\/div>\r\n\r\n                <div class=\"col-lg-6 pr-80 pr-md-15 pr-xs-15\">\r\n                    <div class=\"about-style-two-info\">\r\n                        <h4 class=\"sub-heading\">Hakk\u0131m\u0131zda<\/h4>\r\n                        <h2 class=\"title\">By Batso Burger Lezzetin Adresi<\/h2>\r\n                        <p>\r\n                           By Batso Burger\u2019\u0131n hikayesi, sokak lezzetlerinin en saf haliyle ba\u015flar. Bir zamanlar G\u00f6zde Mersin Tantuni olarak bilinen bu yolculuk, \u015fimdi yenilenen konseptiyle bamba\u015fka bir deneyime d\u00f6n\u00fc\u015f\u00fcyor.\nBy Batso Burger sadece bir burger noktas\u0131 de\u011fil; ge\u00e7mi\u015ften gelen lezzeti, bug\u00fcn\u00fcn enerjisiyle bulu\u015fturan bir durak. Samimi, h\u0131zl\u0131, iddial\u0131\u2026 Her gelenin tekrar gelmek isteyece\u011fi bir tat hikayesi.\n\n\u00c7\u00fcnk\u00fc bizde mesele sadece doymak de\u011fil, lezzeti hat\u0131rlamak.                        <\/p>\r\n                        <div class=\"author-info\">\r\n                                                   \t\t <a class=\"btn btn-md btn-theme animation\" href=\"http:\/\/www.gozdemersintantuni.com\/index.php\/about\/\">Hikayemiz<\/a>\r\n                    \t\t                            <div class=\"author-details\">\r\n                                <div class=\"author-content\">\r\n                                   <img decoding=\"async\" src=\"https:\/\/wp.validthemes.net\/restan\/wp-content\/uploads\/2024\/01\/signeture.png\" alt=\"\"  \/>                                    <p>\r\n                                       Restoran Kurucusu                                    <\/p>\r\n                                <\/div>\r\n                            <\/div>\r\n                        <\/div>\r\n                    <\/div>\r\n                <\/div>\r\n                \r\n            <\/div>\r\n        <\/div>\r\n    <\/div>\r\n    <!-- End  About Style Two -->\r\n\r\n\t\t\t\t\t<\/div>\n\t\t\t\t<\/div>\n\t\t\t\t<\/div>\n\t\t<div class=\"elementor-element elementor-element-ba06525 e-con-full e-flex e-con e-parent\" data-id=\"ba06525\" data-element_type=\"container\" data-e-type=\"container\">\n\t\t\t\t<div class=\"elementor-element elementor-element-8bb7f42 elementor-widget elementor-widget-restan_gallery\" data-id=\"8bb7f42\" data-element_type=\"widget\" data-e-type=\"widget\" data-widget_type=\"restan_gallery.default\">\n\t\t\t\t<div class=\"elementor-widget-container\">\n\t\t\t\t\t\r\n\t<!-- Start Food Gallery Two\r\n    ============================================= -->\r\n    <div class=\"gallery-style-two-area default-padding\">\r\n        <div class=\"container\">\r\n            <div class=\"row\">\r\n                <div class=\"col-lg-8 offset-lg-2\">\r\n                    <div class=\"site-heading text-center\">\r\n                       <h4 class=\"sub-title\">By Batso Burger<\/h4>\r\n\t                    <h2 class=\"title\">Galerimiz<\/h2>\r\n                    <\/div>\r\n                <\/div>\r\n            <\/div>\r\n            <div class=\"row\">\r\n                <div class=\"gallery-content-items\">\r\n                    <div id=\"gallery-masonary\" class=\"gallery-items gallery-style-two colums-3\">\r\n                                                <!-- Single Item -->\r\n                        <div class=\"gallery-item\">\r\n                            <div class=\"gallery-style-one\">\r\n                                <div class=\"item\">\r\n                                    <a href=\"http:\/\/www.gozdemersintantuni.com\/wp-content\/uploads\/2026\/03\/TLG00235.webp\" class=\"popup-gallery\">\r\n                                       <img decoding=\"async\" src=\"http:\/\/www.gozdemersintantuni.com\/wp-content\/uploads\/2026\/03\/TLG00235.webp\" alt=\"\"  \/>                                        <div class=\"overlay\">\r\n                                            <span><\/span>\r\n                                            <h4><\/h4>\r\n                                        <\/div>\r\n                                    <\/a>\r\n                                <\/div>\r\n                            <\/div>\r\n                        <\/div>\r\n                        <!-- End Single Item -->\r\n                                               <!-- Single Item -->\r\n                        <div class=\"gallery-item\">\r\n                            <div class=\"gallery-style-one\">\r\n                                <div class=\"item\">\r\n                                    <a href=\"http:\/\/www.gozdemersintantuni.com\/wp-content\/uploads\/2026\/03\/TLG00201.webp\" class=\"popup-gallery\">\r\n                                       <img decoding=\"async\" src=\"http:\/\/www.gozdemersintantuni.com\/wp-content\/uploads\/2026\/03\/TLG00201.webp\" alt=\"\"  \/>                                        <div class=\"overlay\">\r\n                                            <span><\/span>\r\n                                            <h4><\/h4>\r\n                                        <\/div>\r\n                                    <\/a>\r\n                                <\/div>\r\n                            <\/div>\r\n                        <\/div>\r\n                        <!-- End Single Item -->\r\n                                               <!-- Single Item -->\r\n                        <div class=\"gallery-item\">\r\n                            <div class=\"gallery-style-one\">\r\n                                <div class=\"item\">\r\n                                    <a href=\"http:\/\/www.gozdemersintantuni.com\/wp-content\/uploads\/2026\/03\/TLG00082.webp\" class=\"popup-gallery\">\r\n                                       <img decoding=\"async\" src=\"http:\/\/www.gozdemersintantuni.com\/wp-content\/uploads\/2026\/03\/TLG00082.webp\" alt=\"\"  \/>                                        <div class=\"overlay\">\r\n                                            <span><\/span>\r\n                                            <h4><\/h4>\r\n                                        <\/div>\r\n                                    <\/a>\r\n                                <\/div>\r\n                            <\/div>\r\n                        <\/div>\r\n                        <!-- End Single Item -->\r\n                                               <!-- Single Item -->\r\n                        <div class=\"gallery-item\">\r\n                            <div class=\"gallery-style-one\">\r\n                                <div class=\"item\">\r\n                                    <a href=\"http:\/\/www.gozdemersintantuni.com\/wp-content\/uploads\/2026\/03\/TLG00015.webp\" class=\"popup-gallery\">\r\n                                       <img decoding=\"async\" src=\"http:\/\/www.gozdemersintantuni.com\/wp-content\/uploads\/2026\/03\/TLG00015.webp\" alt=\"\"  \/>                                        <div class=\"overlay\">\r\n                                            <span><\/span>\r\n                                            <h4><\/h4>\r\n                                        <\/div>\r\n                                    <\/a>\r\n                                <\/div>\r\n                            <\/div>\r\n                        <\/div>\r\n                        <!-- End Single Item -->\r\n                                               <!-- Single Item -->\r\n                        <div class=\"gallery-item\">\r\n                            <div class=\"gallery-style-one\">\r\n                                <div class=\"item\">\r\n                                    <a href=\"http:\/\/www.gozdemersintantuni.com\/wp-content\/uploads\/2026\/03\/TLG00075.webp\" class=\"popup-gallery\">\r\n                                       <img decoding=\"async\" src=\"http:\/\/www.gozdemersintantuni.com\/wp-content\/uploads\/2026\/03\/TLG00075.webp\" alt=\"\"  \/>                                        <div class=\"overlay\">\r\n                                            <span><\/span>\r\n                                            <h4><\/h4>\r\n                                        <\/div>\r\n                                    <\/a>\r\n                                <\/div>\r\n                            <\/div>\r\n                        <\/div>\r\n                        <!-- End Single Item -->\r\n                                               <!-- Single Item -->\r\n                        <div class=\"gallery-item\">\r\n                            <div class=\"gallery-style-one\">\r\n                                <div class=\"item\">\r\n                                    <a href=\"http:\/\/www.gozdemersintantuni.com\/wp-content\/uploads\/2026\/03\/TLG00216.webp\" class=\"popup-gallery\">\r\n                                       <img decoding=\"async\" src=\"http:\/\/www.gozdemersintantuni.com\/wp-content\/uploads\/2026\/03\/TLG00216.webp\" alt=\"\"  \/>                                        <div class=\"overlay\">\r\n                                            <span><\/span>\r\n                                            <h4><\/h4>\r\n                                        <\/div>\r\n                                    <\/a>\r\n                                <\/div>\r\n                            <\/div>\r\n                        <\/div>\r\n                        <!-- End Single Item -->\r\n                                           <\/div>\r\n                <\/div>\r\n            <\/div>\r\n        <\/div>\r\n    <\/div>\r\n    <!-- End Food Gallery Two -->\r\n\t\t\t\t\t<\/div>\n\t\t\t\t<\/div>\n\t\t\t\t<\/div>\n\t\t\t\t<\/div>\n\t\t","protected":false},"excerpt":{"rendered":"<p>D\u0131\u015f\u0131 \u00c7\u0131t\u0131r, \u0130\u00e7i Sulu \u00c7\u0131t\u0131r Tavuk \ud83c\udf57 Her \u0131s\u0131r\u0131kta sesini duyaca\u011f\u0131n \u00e7\u0131t\u0131r tavuk burger deneyimi burada. Men\u00fc By Batso Burger&#8217;e Ho\u015fgeldiniz El Yap\u0131m\u0131 Patates \ud83c\udf5f G\u00fcnl\u00fck haz\u0131rlanan el yap\u0131m\u0131 patateslerle lezzetin en do\u011fal hali. Men\u00fc By Batso Burger Hakk\u0131m\u0131zda By Batso Burger Lezzetin Adresi By Batso Burger\u2019\u0131n hikayesi, sokak lezzetlerinin en saf haliyle ba\u015flar. Bir&#8230;<\/p>\n","protected":false},"author":1,"featured_media":0,"parent":0,"menu_order":0,"comment_status":"closed","ping_status":"closed","template":"elementor_header_footer","meta":{"footnotes":""},"class_list":["post-2744","page","type-page","status-publish","hentry"],"_links":{"self":[{"href":"http:\/\/www.gozdemersintantuni.com\/index.php\/wp-json\/wp\/v2\/pages\/2744","targetHints":{"allow":["GET"]}}],"collection":[{"href":"http:\/\/www.gozdemersintantuni.com\/index.php\/wp-json\/wp\/v2\/pages"}],"about":[{"href":"http:\/\/www.gozdemersintantuni.com\/index.php\/wp-json\/wp\/v2\/types\/page"}],"author":[{"embeddable":true,"href":"http:\/\/www.gozdemersintantuni.com\/index.php\/wp-json\/wp\/v2\/users\/1"}],"replies":[{"embeddable":true,"href":"http:\/\/www.gozdemersintantuni.com\/index.php\/wp-json\/wp\/v2\/comments?post=2744"}],"version-history":[{"count":113,"href":"http:\/\/www.gozdemersintantuni.com\/index.php\/wp-json\/wp\/v2\/pages\/2744\/revisions"}],"predecessor-version":[{"id":3270,"href":"http:\/\/www.gozdemersintantuni.com\/index.php\/wp-json\/wp\/v2\/pages\/2744\/revisions\/3270"}],"wp:attachment":[{"href":"http:\/\/www.gozdemersintantuni.com\/index.php\/wp-json\/wp\/v2\/media?parent=2744"}],"curies":[{"name":"wp","href":"https:\/\/api.w.org\/{rel}","templated":true}]}}